{"id":32,"date":"2016-12-10T20:04:57","date_gmt":"2016-12-10T19:04:57","guid":{"rendered":"http:\/\/www.drwilscher.at\/p\/?page_id=32"},"modified":"2024-11-09T17:11:40","modified_gmt":"2024-11-09T16:11:40","slug":"unser-team","status":"publish","type":"page","link":"https:\/\/www.drwilscher.at\/p\/unser-team\/","title":{"rendered":"Unser Team"},"content":{"rendered":"\n<h1 class=\"wp-block-heading\">Ihre Ansprechpartner in der Ordination<\/h1>\n\n\n\n<p>In unserer Ordination sind wir bem\u00fcht Sprachbarrieren zu \u00fcberbr\u00fccken.<br>Alle unsere Mitarbeiter verf\u00fcgen \u00fcber Englischkenntnisse und es stehen Sprachkarten zum \u00dcbersetzen&nbsp;in diversen Sprachen zur Verf\u00fcgung.<\/p>\n\n\n<div class=\"wp-block-image\">\n<figure class=\"alignright size-large\"><img loading=\"lazy\" decoding=\"async\" width=\"683\" height=\"1024\" src=\"https:\/\/www.drwilscher.at\/p\/wp-content\/uploads\/2022\/01\/WEB_DSC6030-Dr.Wilscher-Ordination-\u00a9-Mathias-Praegant-683x1024.jpg\" alt=\"\" class=\"wp-image-529\" srcset=\"https:\/\/www.drwilscher.at\/p\/wp-content\/uploads\/2022\/01\/WEB_DSC6030-Dr.Wilscher-Ordination-\u00a9-Mathias-Praegant-683x1024.jpg 683w, https:\/\/www.drwilscher.at\/p\/wp-content\/uploads\/2022\/01\/WEB_DSC6030-Dr.Wilscher-Ordination-\u00a9-Mathias-Praegant-200x300.jpg 200w, https:\/\/www.drwilscher.at\/p\/wp-content\/uploads\/2022\/01\/WEB_DSC6030-Dr.Wilscher-Ordination-\u00a9-Mathias-Praegant-768x1152.jpg 768w, https:\/\/www.drwilscher.at\/p\/wp-content\/uploads\/2022\/01\/WEB_DSC6030-Dr.Wilscher-Ordination-\u00a9-Mathias-Praegant-1024x1536.jpg 1024w, https:\/\/www.drwilscher.at\/p\/wp-content\/uploads\/2022\/01\/WEB_DSC6030-Dr.Wilscher-Ordination-\u00a9-Mathias-Praegant-1366x2048.jpg 1366w, https:\/\/www.drwilscher.at\/p\/wp-content\/uploads\/2022\/01\/WEB_DSC6030-Dr.Wilscher-Ordination-\u00a9-Mathias-Praegant.jpg 1667w\" sizes=\"auto, (max-width: 683px) 100vw, 683px\" \/><\/figure>\n<\/div>\n\n\n<p><span style=\"font-size: 14pt;\"><strong><a href=\"https:\/\/www.drwilscher.at\/p\/unser-team\/dr-angelika-wilscher\/\" data-type=\"page\" data-id=\"34\">Dr. Angelika Wilscher<\/a><\/strong><\/span><\/p>\n\n\n<div class=\"wp-block-image\">\n<figure class=\"aligncenter size-large\"><img loading=\"lazy\" decoding=\"async\" width=\"683\" height=\"1024\" src=\"https:\/\/www.drwilscher.at\/p\/wp-content\/uploads\/2022\/01\/WEB_DSC5571-Dr.Wilscher-Ordination-\u00a9-Mathias-Praegant-683x1024.jpg\" alt=\"\" class=\"wp-image-479\" srcset=\"https:\/\/www.drwilscher.at\/p\/wp-content\/uploads\/2022\/01\/WEB_DSC5571-Dr.Wilscher-Ordination-\u00a9-Mathias-Praegant-683x1024.jpg 683w, https:\/\/www.drwilscher.at\/p\/wp-content\/uploads\/2022\/01\/WEB_DSC5571-Dr.Wilscher-Ordination-\u00a9-Mathias-Praegant-200x300.jpg 200w, https:\/\/www.drwilscher.at\/p\/wp-content\/uploads\/2022\/01\/WEB_DSC5571-Dr.Wilscher-Ordination-\u00a9-Mathias-Praegant-768x1152.jpg 768w, https:\/\/www.drwilscher.at\/p\/wp-content\/uploads\/2022\/01\/WEB_DSC5571-Dr.Wilscher-Ordination-\u00a9-Mathias-Praegant-1024x1536.jpg 1024w, https:\/\/www.drwilscher.at\/p\/wp-content\/uploads\/2022\/01\/WEB_DSC5571-Dr.Wilscher-Ordination-\u00a9-Mathias-Praegant-1366x2048.jpg 1366w, https:\/\/www.drwilscher.at\/p\/wp-content\/uploads\/2022\/01\/WEB_DSC5571-Dr.Wilscher-Ordination-\u00a9-Mathias-Praegant.jpg 1667w\" sizes=\"auto, (max-width: 683px) 100vw, 683px\" \/><\/figure>\n<\/div>\n\n\n<p><strong><span style=\"font-size: 14pt;\"><a href=\"https:\/\/www.drwilscher.at\/p\/unser-team\/139-2\/\" data-type=\"page\" data-id=\"139\">Claudia Stingl<\/a><\/span><\/strong><br>Praxisorganisation, Assistenz<br><\/p>\n\n\n<div class=\"wp-block-image is-style-default\">\n<figure class=\"aligncenter size-large\"><img loading=\"lazy\" decoding=\"async\" width=\"683\" height=\"1024\" src=\"https:\/\/www.drwilscher.at\/p\/wp-content\/uploads\/2022\/01\/WEB_DSC5548-Dr.Wilscher-Ordination-\u00a9-Mathias-Praegant-683x1024.jpg\" alt=\"\" class=\"wp-image-478\" srcset=\"https:\/\/www.drwilscher.at\/p\/wp-content\/uploads\/2022\/01\/WEB_DSC5548-Dr.Wilscher-Ordination-\u00a9-Mathias-Praegant-683x1024.jpg 683w, https:\/\/www.drwilscher.at\/p\/wp-content\/uploads\/2022\/01\/WEB_DSC5548-Dr.Wilscher-Ordination-\u00a9-Mathias-Praegant-200x300.jpg 200w, https:\/\/www.drwilscher.at\/p\/wp-content\/uploads\/2022\/01\/WEB_DSC5548-Dr.Wilscher-Ordination-\u00a9-Mathias-Praegant-768x1152.jpg 768w, https:\/\/www.drwilscher.at\/p\/wp-content\/uploads\/2022\/01\/WEB_DSC5548-Dr.Wilscher-Ordination-\u00a9-Mathias-Praegant-1024x1536.jpg 1024w, https:\/\/www.drwilscher.at\/p\/wp-content\/uploads\/2022\/01\/WEB_DSC5548-Dr.Wilscher-Ordination-\u00a9-Mathias-Praegant-1366x2048.jpg 1366w, https:\/\/www.drwilscher.at\/p\/wp-content\/uploads\/2022\/01\/WEB_DSC5548-Dr.Wilscher-Ordination-\u00a9-Mathias-Praegant.jpg 1667w\" sizes=\"auto, (max-width: 683px) 100vw, 683px\" \/><\/figure>\n<\/div>\n\n\n<p><strong><span style=\"font-size: 14pt;\"><a href=\"https:\/\/www.drwilscher.at\/p\/unser-team\/martina-steiner\/\" data-type=\"page\" data-id=\"349\">Martina Steiner<\/a><\/span><\/strong><br>Praxisorganisation, Assistenz<br><\/p>\n\n\n<div class=\"wp-block-image\">\n<figure class=\"alignright size-large\"><img loading=\"lazy\" decoding=\"async\" width=\"683\" height=\"1024\" src=\"https:\/\/www.drwilscher.at\/p\/wp-content\/uploads\/2023\/01\/WEB-DSC04159-Mitarbeiter-Portrait-683x1024.jpg\" alt=\"\" class=\"wp-image-688\" srcset=\"https:\/\/www.drwilscher.at\/p\/wp-content\/uploads\/2023\/01\/WEB-DSC04159-Mitarbeiter-Portrait-683x1024.jpg 683w, https:\/\/www.drwilscher.at\/p\/wp-content\/uploads\/2023\/01\/WEB-DSC04159-Mitarbeiter-Portrait-200x300.jpg 200w, https:\/\/www.drwilscher.at\/p\/wp-content\/uploads\/2023\/01\/WEB-DSC04159-Mitarbeiter-Portrait-768x1152.jpg 768w, https:\/\/www.drwilscher.at\/p\/wp-content\/uploads\/2023\/01\/WEB-DSC04159-Mitarbeiter-Portrait-1024x1536.jpg 1024w, https:\/\/www.drwilscher.at\/p\/wp-content\/uploads\/2023\/01\/WEB-DSC04159-Mitarbeiter-Portrait-1365x2048.jpg 1365w, https:\/\/www.drwilscher.at\/p\/wp-content\/uploads\/2023\/01\/WEB-DSC04159-Mitarbeiter-Portrait-scaled.jpg 1706w\" sizes=\"auto, (max-width: 683px) 100vw, 683px\" \/><\/figure>\n<\/div>\n\n\n<p><strong><a href=\"https:\/\/www.drwilscher.at\/p\/unser-team\/sarah-jost\/\" data-type=\"page\" data-id=\"686\">Sarah Jost<\/a><\/strong><br>Praxisorganisation, Assistenz<br><\/p>\n\n\n<div class=\"wp-block-image\">\n<figure class=\"alignright size-large\"><img loading=\"lazy\" decoding=\"async\" width=\"683\" height=\"1024\" src=\"https:\/\/www.drwilscher.at\/p\/wp-content\/uploads\/2024\/11\/1000012633-683x1024.jpg\" alt=\"\" class=\"wp-image-777\" srcset=\"https:\/\/www.drwilscher.at\/p\/wp-content\/uploads\/2024\/11\/1000012633-683x1024.jpg 683w, https:\/\/www.drwilscher.at\/p\/wp-content\/uploads\/2024\/11\/1000012633-200x300.jpg 200w, https:\/\/www.drwilscher.at\/p\/wp-content\/uploads\/2024\/11\/1000012633-768x1152.jpg 768w, https:\/\/www.drwilscher.at\/p\/wp-content\/uploads\/2024\/11\/1000012633-1024x1536.jpg 1024w, https:\/\/www.drwilscher.at\/p\/wp-content\/uploads\/2024\/11\/1000012633-1365x2048.jpg 1365w, https:\/\/www.drwilscher.at\/p\/wp-content\/uploads\/2024\/11\/1000012633-scaled.jpg 1706w\" sizes=\"auto, (max-width: 683px) 100vw, 683px\" \/><\/figure>\n<\/div>\n\n\n<p><a href=\"https:\/\/www.drwilscher.at\/p\/unser-team\/petra-krenn\/\" data-type=\"page\" data-id=\"38\"><strong>Petra Krenn<\/strong><\/a><br>Assistenz, Hygiene<br><\/p>\n\n\n<div class=\"wp-block-image\">\n<figure class=\"alignright size-large\"><img loading=\"lazy\" decoding=\"async\" width=\"637\" height=\"1024\" src=\"https:\/\/www.drwilscher.at\/p\/wp-content\/uploads\/2022\/01\/WEB_DSC5516-Dr.Wilscher-Ordination-\u00a9-Mathias-Praegant-637x1024.jpg\" alt=\"\" class=\"wp-image-476\" srcset=\"https:\/\/www.drwilscher.at\/p\/wp-content\/uploads\/2022\/01\/WEB_DSC5516-Dr.Wilscher-Ordination-\u00a9-Mathias-Praegant-637x1024.jpg 637w, https:\/\/www.drwilscher.at\/p\/wp-content\/uploads\/2022\/01\/WEB_DSC5516-Dr.Wilscher-Ordination-\u00a9-Mathias-Praegant-187x300.jpg 187w, https:\/\/www.drwilscher.at\/p\/wp-content\/uploads\/2022\/01\/WEB_DSC5516-Dr.Wilscher-Ordination-\u00a9-Mathias-Praegant-768x1235.jpg 768w, https:\/\/www.drwilscher.at\/p\/wp-content\/uploads\/2022\/01\/WEB_DSC5516-Dr.Wilscher-Ordination-\u00a9-Mathias-Praegant-955x1536.jpg 955w, https:\/\/www.drwilscher.at\/p\/wp-content\/uploads\/2022\/01\/WEB_DSC5516-Dr.Wilscher-Ordination-\u00a9-Mathias-Praegant-1274x2048.jpg 1274w, https:\/\/www.drwilscher.at\/p\/wp-content\/uploads\/2022\/01\/WEB_DSC5516-Dr.Wilscher-Ordination-\u00a9-Mathias-Praegant.jpg 1555w\" sizes=\"auto, (max-width: 637px) 100vw, 637px\" \/><\/figure>\n<\/div>\n\n\n<p><strong><span style=\"font-size: 14pt;\"><a href=\"https:\/\/www.drwilscher.at\/p\/unser-team\/monika-hinteregger\/\" data-type=\"page\" data-id=\"40\">Monika Hinteregger<\/a><\/span><\/strong><br>Hygiene, Sauberkeit<br><\/p>\n","protected":false},"excerpt":{"rendered":"<p>Ihre Ansprechpartner in der Ordination In unserer Ordination sind wir bem\u00fcht Sprachbarrieren zu \u00fcberbr\u00fccken.Alle unsere Mitarbeiter verf\u00fcgen \u00fcber Englischkenntnisse und es stehen Sprachkarten zum \u00dcbersetzen&nbsp;in diversen Sprachen zur Verf\u00fcgung. Dr. Angelika Wilscher Claudia StinglPraxisorganisation, Assistenz Martina SteinerPraxisorganisation, Assistenz Sarah JostPraxisorganisation, Assistenz Petra KrennAssistenz, Hygiene Monika HintereggerHygiene, Sauberkeit<\/p>\n","protected":false},"author":1,"featured_media":0,"parent":0,"menu_order":0,"comment_status":"closed","ping_status":"closed","template":"","meta":{"footnotes":""},"class_list":["post-32","page","type-page","status-publish","hentry"],"_links":{"self":[{"href":"https:\/\/www.drwilscher.at\/p\/wp-json\/wp\/v2\/pages\/32","targetHints":{"allow":["GET"]}}],"collection":[{"href":"https:\/\/www.drwilscher.at\/p\/wp-json\/wp\/v2\/pages"}],"about":[{"href":"https:\/\/www.drwilscher.at\/p\/wp-json\/wp\/v2\/types\/page"}],"author":[{"embeddable":true,"href":"https:\/\/www.drwilscher.at\/p\/wp-json\/wp\/v2\/users\/1"}],"replies":[{"embeddable":true,"href":"https:\/\/www.drwilscher.at\/p\/wp-json\/wp\/v2\/comments?post=32"}],"version-history":[{"count":34,"href":"https:\/\/www.drwilscher.at\/p\/wp-json\/wp\/v2\/pages\/32\/revisions"}],"predecessor-version":[{"id":780,"href":"https:\/\/www.drwilscher.at\/p\/wp-json\/wp\/v2\/pages\/32\/revisions\/780"}],"wp:attachment":[{"href":"https:\/\/www.drwilscher.at\/p\/wp-json\/wp\/v2\/media?parent=32"}],"curies":[{"name":"wp","href":"https:\/\/api.w.org\/{rel}","templated":true}]}}

<h1 class="wp-block-heading">Ihre Ansprechpartner in der Ordination</h1>



<p>In unserer Ordination sind wir bemüht Sprachbarrieren zu überbrücken.<br>Alle unsere Mitarbeiter verfügen über Englischkenntnisse und es stehen Sprachkarten zum Übersetzen&nbsp;in diversen Sprachen zur Verfügung.</p>


<div class="wp-block-image">
<figure class="alignright size-large"><img loading="lazy" decoding="async" width="683" height="1024" src="https://www.drwilscher.at/p/wp-content/uploads/2022/01/WEB_DSC6030-Dr.Wilscher-Ordination-©-Mathias-Praegant-683x1024.jpg" alt="" class="wp-image-529" srcset="https://www.drwilscher.at/p/wp-content/uploads/2022/01/WEB_DSC6030-Dr.Wilscher-Ordination-©-Mathias-Praegant-683x1024.jpg 683w, https://www.drwilscher.at/p/wp-content/uploads/2022/01/WEB_DSC6030-Dr.Wilscher-Ordination-©-Mathias-Praegant-200x300.jpg 200w, https://www.drwilscher.at/p/wp-content/uploads/2022/01/WEB_DSC6030-Dr.Wilscher-Ordination-©-Mathias-Praegant-768x1152.jpg 768w, https://www.drwilscher.at/p/wp-content/uploads/2022/01/WEB_DSC6030-Dr.Wilscher-Ordination-©-Mathias-Praegant-1024x1536.jpg 1024w, https://www.drwilscher.at/p/wp-content/uploads/2022/01/WEB_DSC6030-Dr.Wilscher-Ordination-©-Mathias-Praegant-1366x2048.jpg 1366w, https://www.drwilscher.at/p/wp-content/uploads/2022/01/WEB_DSC6030-Dr.Wilscher-Ordination-©-Mathias-Praegant.jpg 1667w" sizes="auto, (max-width: 683px) 100vw, 683px" /></figure>
</div>


<p><span style="font-size: 14pt;"><strong><a href="https://www.drwilscher.at/p/unser-team/dr-angelika-wilscher/" data-type="page" data-id="34">Dr. Angelika Wilscher</a></strong></span></p>


<div class="wp-block-image">
<figure class="aligncenter size-large"><img loading="lazy" decoding="async" width="683" height="1024" src="https://www.drwilscher.at/p/wp-content/uploads/2022/01/WEB_DSC5571-Dr.Wilscher-Ordination-©-Mathias-Praegant-683x1024.jpg" alt="" class="wp-image-479" srcset="https://www.drwilscher.at/p/wp-content/uploads/2022/01/WEB_DSC5571-Dr.Wilscher-Ordination-©-Mathias-Praegant-683x1024.jpg 683w, https://www.drwilscher.at/p/wp-content/uploads/2022/01/WEB_DSC5571-Dr.Wilscher-Ordination-©-Mathias-Praegant-200x300.jpg 200w, https://www.drwilscher.at/p/wp-content/uploads/2022/01/WEB_DSC5571-Dr.Wilscher-Ordination-©-Mathias-Praegant-768x1152.jpg 768w, https://www.drwilscher.at/p/wp-content/uploads/2022/01/WEB_DSC5571-Dr.Wilscher-Ordination-©-Mathias-Praegant-1024x1536.jpg 1024w, https://www.drwilscher.at/p/wp-content/uploads/2022/01/WEB_DSC5571-Dr.Wilscher-Ordination-©-Mathias-Praegant-1366x2048.jpg 1366w, https://www.drwilscher.at/p/wp-content/uploads/2022/01/WEB_DSC5571-Dr.Wilscher-Ordination-©-Mathias-Praegant.jpg 1667w" sizes="auto, (max-width: 683px) 100vw, 683px" /></figure>
</div>


<p><strong><span style="font-size: 14pt;"><a href="https://www.drwilscher.at/p/unser-team/139-2/" data-type="page" data-id="139">Claudia Stingl</a></span></strong><br>Praxisorganisation, Assistenz<br></p>


<div class="wp-block-image is-style-default">
<figure class="aligncenter size-large"><img loading="lazy" decoding="async" width="683" height="1024" src="https://www.drwilscher.at/p/wp-content/uploads/2022/01/WEB_DSC5548-Dr.Wilscher-Ordination-©-Mathias-Praegant-683x1024.jpg" alt="" class="wp-image-478" srcset="https://www.drwilscher.at/p/wp-content/uploads/2022/01/WEB_DSC5548-Dr.Wilscher-Ordination-©-Mathias-Praegant-683x1024.jpg 683w, https://www.drwilscher.at/p/wp-content/uploads/2022/01/WEB_DSC5548-Dr.Wilscher-Ordination-©-Mathias-Praegant-200x300.jpg 200w, https://www.drwilscher.at/p/wp-content/uploads/2022/01/WEB_DSC5548-Dr.Wilscher-Ordination-©-Mathias-Praegant-768x1152.jpg 768w, https://www.drwilscher.at/p/wp-content/uploads/2022/01/WEB_DSC5548-Dr.Wilscher-Ordination-©-Mathias-Praegant-1024x1536.jpg 1024w, https://www.drwilscher.at/p/wp-content/uploads/2022/01/WEB_DSC5548-Dr.Wilscher-Ordination-©-Mathias-Praegant-1366x2048.jpg 1366w, https://www.drwilscher.at/p/wp-content/uploads/2022/01/WEB_DSC5548-Dr.Wilscher-Ordination-©-Mathias-Praegant.jpg 1667w" sizes="auto, (max-width: 683px) 100vw, 683px" /></figure>
</div>


<p><strong><span style="font-size: 14pt;"><a href="https://www.drwilscher.at/p/unser-team/martina-steiner/" data-type="page" data-id="349">Martina Steiner</a></span></strong><br>Praxisorganisation, Assistenz<br></p>


<div class="wp-block-image">
<figure class="alignright size-large"><img loading="lazy" decoding="async" width="683" height="1024" src="https://www.drwilscher.at/p/wp-content/uploads/2023/01/WEB-DSC04159-Mitarbeiter-Portrait-683x1024.jpg" alt="" class="wp-image-688" srcset="https://www.drwilscher.at/p/wp-content/uploads/2023/01/WEB-DSC04159-Mitarbeiter-Portrait-683x1024.jpg 683w, https://www.drwilscher.at/p/wp-content/uploads/2023/01/WEB-DSC04159-Mitarbeiter-Portrait-200x300.jpg 200w, https://www.drwilscher.at/p/wp-content/uploads/2023/01/WEB-DSC04159-Mitarbeiter-Portrait-768x1152.jpg 768w, https://www.drwilscher.at/p/wp-content/uploads/2023/01/WEB-DSC04159-Mitarbeiter-Portrait-1024x1536.jpg 1024w, https://www.drwilscher.at/p/wp-content/uploads/2023/01/WEB-DSC04159-Mitarbeiter-Portrait-1365x2048.jpg 1365w, https://www.drwilscher.at/p/wp-content/uploads/2023/01/WEB-DSC04159-Mitarbeiter-Portrait-scaled.jpg 1706w" sizes="auto, (max-width: 683px) 100vw, 683px" /></figure>
</div>


<p><strong><a href="https://www.drwilscher.at/p/unser-team/sarah-jost/" data-type="page" data-id="686">Sarah Jost</a></strong><br>Praxisorganisation, Assistenz<br></p>


<div class="wp-block-image">
<figure class="alignright size-large"><img loading="lazy" decoding="async" width="683" height="1024" src="https://www.drwilscher.at/p/wp-content/uploads/2024/11/1000012633-683x1024.jpg" alt="" class="wp-image-777" srcset="https://www.drwilscher.at/p/wp-content/uploads/2024/11/1000012633-683x1024.jpg 683w, https://www.drwilscher.at/p/wp-content/uploads/2024/11/1000012633-200x300.jpg 200w, https://www.drwilscher.at/p/wp-content/uploads/2024/11/1000012633-768x1152.jpg 768w, https://www.drwilscher.at/p/wp-content/uploads/2024/11/1000012633-1024x1536.jpg 1024w, https://www.drwilscher.at/p/wp-content/uploads/2024/11/1000012633-1365x2048.jpg 1365w, https://www.drwilscher.at/p/wp-content/uploads/2024/11/1000012633-scaled.jpg 1706w" sizes="auto, (max-width: 683px) 100vw, 683px" /></figure>
</div>


<p><a href="https://www.drwilscher.at/p/unser-team/petra-krenn/" data-type="page" data-id="38"><strong>Petra Krenn</strong></a><br>Assistenz, Hygiene<br></p>


<div class="wp-block-image">
<figure class="alignright size-large"><img loading="lazy" decoding="async" width="637" height="1024" src="https://www.drwilscher.at/p/wp-content/uploads/2022/01/WEB_DSC5516-Dr.Wilscher-Ordination-©-Mathias-Praegant-637x1024.jpg" alt="" class="wp-image-476" srcset="https://www.drwilscher.at/p/wp-content/uploads/2022/01/WEB_DSC5516-Dr.Wilscher-Ordination-©-Mathias-Praegant-637x1024.jpg 637w, https://www.drwilscher.at/p/wp-content/uploads/2022/01/WEB_DSC5516-Dr.Wilscher-Ordination-©-Mathias-Praegant-187x300.jpg 187w, https://www.drwilscher.at/p/wp-content/uploads/2022/01/WEB_DSC5516-Dr.Wilscher-Ordination-©-Mathias-Praegant-768x1235.jpg 768w, https://www.drwilscher.at/p/wp-content/uploads/2022/01/WEB_DSC5516-Dr.Wilscher-Ordination-©-Mathias-Praegant-955x1536.jpg 955w, https://www.drwilscher.at/p/wp-content/uploads/2022/01/WEB_DSC5516-Dr.Wilscher-Ordination-©-Mathias-Praegant-1274x2048.jpg 1274w, https://www.drwilscher.at/p/wp-content/uploads/2022/01/WEB_DSC5516-Dr.Wilscher-Ordination-©-Mathias-Praegant.jpg 1555w" sizes="auto, (max-width: 637px) 100vw, 637px" /></figure>
</div>


<p><strong><span style="font-size: 14pt;"><a href="https://www.drwilscher.at/p/unser-team/monika-hinteregger/" data-type="page" data-id="40">Monika Hinteregger</a></span></strong><br>Hygiene, Sauberkeit<br></p>

<p>Ihre Ansprechpartner in der Ordination In unserer Ordination sind wir bemüht Sprachbarrieren zu überbrücken.Alle unsere Mitarbeiter verfügen über Englischkenntnisse und es stehen Sprachkarten zum Übersetzen&nbsp;in diversen Sprachen zur Verfügung. Dr. Angelika Wilscher Claudia StinglPraxisorganisation, Assistenz Martina SteinerPraxisorganisation, Assistenz Sarah JostPraxisorganisation, Assistenz Petra KrennAssistenz, Hygiene Monika HintereggerHygiene, Sauberkeit</p>
