{"id":48,"date":"2016-12-10T20:12:45","date_gmt":"2016-12-10T19:12:45","guid":{"rendered":"http:\/\/www.drwilscher.at\/p\/?page_id=48"},"modified":"2023-01-17T19:27:37","modified_gmt":"2023-01-17T18:27:37","slug":"ordination","status":"publish","type":"page","link":"https:\/\/www.drwilscher.at\/p\/ordination\/","title":{"rendered":"Ordination"},"content":{"rendered":"<p>Wir nehmen am Pilotprojekt des Gesundheitsministeriums und der Gesundheit \u00d6sterreich GmbH \u201e<a href=\"https:\/\/www.gesundheit.gv.at\/news\/aktuelles\/aktuell-2022\/projekt_klimafreundliche_gesundheitseinrichtung.html\">Beratung klimafreundliche Gesundheitseinrichtungen<\/a>\u201c teil.<br \/>\nMit dem Pilotprojekt soll die Basis f\u00fcr eine ganzheitliche Integration von Klimaschutz in die Gesundheitseinrichtung bis hin zur Klimaneutralit\u00e4t gelegt werden.<\/p>\n<p>F\u00fcr Menschen mit besonderen Bed\u00fcrfnissen wurde unsere Ordination barrierefrei eingerichtet.<br \/>\nDetaillierte Information finden Sie unter <a href=\"http:\/\/www.arztbarrierefrei.at\/\">http:\/\/www.arztbarrierefrei.at<\/a><\/p>\n<p><img loading=\"lazy\" decoding=\"async\" class=\"alignright wp-image-555 size-large\" src=\"https:\/\/www.drwilscher.at\/p\/wp-content\/uploads\/2022\/01\/WEB_DSC6144-Dr.Wilscher-Ordination-\u00a9-Mathias-Praegant-1024x683.jpg\" alt=\"\" width=\"530\" height=\"354\" srcset=\"https:\/\/www.drwilscher.at\/p\/wp-content\/uploads\/2022\/01\/WEB_DSC6144-Dr.Wilscher-Ordination-\u00a9-Mathias-Praegant-1024x683.jpg 1024w, https:\/\/www.drwilscher.at\/p\/wp-content\/uploads\/2022\/01\/WEB_DSC6144-Dr.Wilscher-Ordination-\u00a9-Mathias-Praegant-300x200.jpg 300w, https:\/\/www.drwilscher.at\/p\/wp-content\/uploads\/2022\/01\/WEB_DSC6144-Dr.Wilscher-Ordination-\u00a9-Mathias-Praegant-768x512.jpg 768w, https:\/\/www.drwilscher.at\/p\/wp-content\/uploads\/2022\/01\/WEB_DSC6144-Dr.Wilscher-Ordination-\u00a9-Mathias-Praegant-1536x1024.jpg 1536w, https:\/\/www.drwilscher.at\/p\/wp-content\/uploads\/2022\/01\/WEB_DSC6144-Dr.Wilscher-Ordination-\u00a9-Mathias-Praegant-2048x1366.jpg 2048w\" sizes=\"auto, (max-width: 530px) 100vw, 530px\" \/> <img loading=\"lazy\" decoding=\"async\" class=\"alignright wp-image-534 size-large\" src=\"https:\/\/www.drwilscher.at\/p\/wp-content\/uploads\/2022\/01\/WEB_DSC6044-Dr.Wilscher-Ordination-\u00a9-Mathias-Praegant-1024x683.jpg\" alt=\"\" width=\"530\" height=\"354\" srcset=\"https:\/\/www.drwilscher.at\/p\/wp-content\/uploads\/2022\/01\/WEB_DSC6044-Dr.Wilscher-Ordination-\u00a9-Mathias-Praegant-1024x683.jpg 1024w, https:\/\/www.drwilscher.at\/p\/wp-content\/uploads\/2022\/01\/WEB_DSC6044-Dr.Wilscher-Ordination-\u00a9-Mathias-Praegant-300x200.jpg 300w, https:\/\/www.drwilscher.at\/p\/wp-content\/uploads\/2022\/01\/WEB_DSC6044-Dr.Wilscher-Ordination-\u00a9-Mathias-Praegant-768x512.jpg 768w, https:\/\/www.drwilscher.at\/p\/wp-content\/uploads\/2022\/01\/WEB_DSC6044-Dr.Wilscher-Ordination-\u00a9-Mathias-Praegant-1536x1024.jpg 1536w, https:\/\/www.drwilscher.at\/p\/wp-content\/uploads\/2022\/01\/WEB_DSC6044-Dr.Wilscher-Ordination-\u00a9-Mathias-Praegant-2048x1366.jpg 2048w\" sizes=\"auto, (max-width: 530px) 100vw, 530px\" \/> <img loading=\"lazy\" decoding=\"async\" class=\"alignright wp-image-548 size-large\" src=\"https:\/\/www.drwilscher.at\/p\/wp-content\/uploads\/2022\/01\/WEB_DSC6115-Dr.Wilscher-Ordination-\u00a9-Mathias-Praegant-1024x683.jpg\" alt=\"\" width=\"530\" height=\"354\" srcset=\"https:\/\/www.drwilscher.at\/p\/wp-content\/uploads\/2022\/01\/WEB_DSC6115-Dr.Wilscher-Ordination-\u00a9-Mathias-Praegant-1024x683.jpg 1024w, https:\/\/www.drwilscher.at\/p\/wp-content\/uploads\/2022\/01\/WEB_DSC6115-Dr.Wilscher-Ordination-\u00a9-Mathias-Praegant-300x200.jpg 300w, https:\/\/www.drwilscher.at\/p\/wp-content\/uploads\/2022\/01\/WEB_DSC6115-Dr.Wilscher-Ordination-\u00a9-Mathias-Praegant-768x512.jpg 768w, https:\/\/www.drwilscher.at\/p\/wp-content\/uploads\/2022\/01\/WEB_DSC6115-Dr.Wilscher-Ordination-\u00a9-Mathias-Praegant-1536x1024.jpg 1536w, https:\/\/www.drwilscher.at\/p\/wp-content\/uploads\/2022\/01\/WEB_DSC6115-Dr.Wilscher-Ordination-\u00a9-Mathias-Praegant-2048x1366.jpg 2048w\" sizes=\"auto, (max-width: 530px) 100vw, 530px\" \/>\u00a0<img loading=\"lazy\" decoding=\"async\" class=\"alignright wp-image-521 size-large\" src=\"https:\/\/www.drwilscher.at\/p\/wp-content\/uploads\/2022\/01\/WEB_DSC5865-Dr.Wilscher-Ordination-\u00a9-Mathias-Praegant-1024x683.jpg\" alt=\"\" width=\"530\" height=\"354\" srcset=\"https:\/\/www.drwilscher.at\/p\/wp-content\/uploads\/2022\/01\/WEB_DSC5865-Dr.Wilscher-Ordination-\u00a9-Mathias-Praegant-1024x683.jpg 1024w, https:\/\/www.drwilscher.at\/p\/wp-content\/uploads\/2022\/01\/WEB_DSC5865-Dr.Wilscher-Ordination-\u00a9-Mathias-Praegant-300x200.jpg 300w, https:\/\/www.drwilscher.at\/p\/wp-content\/uploads\/2022\/01\/WEB_DSC5865-Dr.Wilscher-Ordination-\u00a9-Mathias-Praegant-768x512.jpg 768w, https:\/\/www.drwilscher.at\/p\/wp-content\/uploads\/2022\/01\/WEB_DSC5865-Dr.Wilscher-Ordination-\u00a9-Mathias-Praegant-1536x1024.jpg 1536w, https:\/\/www.drwilscher.at\/p\/wp-content\/uploads\/2022\/01\/WEB_DSC5865-Dr.Wilscher-Ordination-\u00a9-Mathias-Praegant-2048x1366.jpg 2048w\" sizes=\"auto, (max-width: 530px) 100vw, 530px\" \/><\/p>\n<p><img loading=\"lazy\" decoding=\"async\" class=\"alignright wp-image-515 size-large\" src=\"https:\/\/www.drwilscher.at\/p\/wp-content\/uploads\/2022\/01\/WEB_DSC5813-Dr.Wilscher-Ordination-\u00a9-Mathias-Praegant-1024x677.jpg\" alt=\"\" width=\"530\" height=\"350\" srcset=\"https:\/\/www.drwilscher.at\/p\/wp-content\/uploads\/2022\/01\/WEB_DSC5813-Dr.Wilscher-Ordination-\u00a9-Mathias-Praegant-1024x677.jpg 1024w, https:\/\/www.drwilscher.at\/p\/wp-content\/uploads\/2022\/01\/WEB_DSC5813-Dr.Wilscher-Ordination-\u00a9-Mathias-Praegant-300x198.jpg 300w, https:\/\/www.drwilscher.at\/p\/wp-content\/uploads\/2022\/01\/WEB_DSC5813-Dr.Wilscher-Ordination-\u00a9-Mathias-Praegant-768x508.jpg 768w, https:\/\/www.drwilscher.at\/p\/wp-content\/uploads\/2022\/01\/WEB_DSC5813-Dr.Wilscher-Ordination-\u00a9-Mathias-Praegant-1536x1016.jpg 1536w, https:\/\/www.drwilscher.at\/p\/wp-content\/uploads\/2022\/01\/WEB_DSC5813-Dr.Wilscher-Ordination-\u00a9-Mathias-Praegant-2048x1355.jpg 2048w\" sizes=\"auto, (max-width: 530px) 100vw, 530px\" \/><\/p>\n","protected":false},"excerpt":{"rendered":"<p>Wir nehmen am Pilotprojekt des Gesundheitsministeriums und der Gesundheit \u00d6sterreich GmbH \u201eBeratung klimafreundliche Gesundheitseinrichtungen\u201c teil. Mit dem Pilotprojekt soll die Basis f\u00fcr eine ganzheitliche Integration von Klimaschutz in die Gesundheitseinrichtung bis hin zur Klimaneutralit\u00e4t gelegt werden. F\u00fcr Menschen mit besonderen Bed\u00fcrfnissen wurde unsere Ordination barrierefrei eingerichtet. Detaillierte Information finden Sie unter http:\/\/www.arztbarrierefrei.at \u00a0<\/p>\n","protected":false},"author":1,"featured_media":0,"parent":0,"menu_order":0,"comment_status":"closed","ping_status":"closed","template":"","meta":{"footnotes":""},"class_list":["post-48","page","type-page","status-publish","hentry"],"_links":{"self":[{"href":"https:\/\/www.drwilscher.at\/p\/wp-json\/wp\/v2\/pages\/48","targetHints":{"allow":["GET"]}}],"collection":[{"href":"https:\/\/www.drwilscher.at\/p\/wp-json\/wp\/v2\/pages"}],"about":[{"href":"https:\/\/www.drwilscher.at\/p\/wp-json\/wp\/v2\/types\/page"}],"author":[{"embeddable":true,"href":"https:\/\/www.drwilscher.at\/p\/wp-json\/wp\/v2\/users\/1"}],"replies":[{"embeddable":true,"href":"https:\/\/www.drwilscher.at\/p\/wp-json\/wp\/v2\/comments?post=48"}],"version-history":[{"count":12,"href":"https:\/\/www.drwilscher.at\/p\/wp-json\/wp\/v2\/pages\/48\/revisions"}],"predecessor-version":[{"id":710,"href":"https:\/\/www.drwilscher.at\/p\/wp-json\/wp\/v2\/pages\/48\/revisions\/710"}],"wp:attachment":[{"href":"https:\/\/www.drwilscher.at\/p\/wp-json\/wp\/v2\/media?parent=48"}],"curies":[{"name":"wp","href":"https:\/\/api.w.org\/{rel}","templated":true}]}}

<p>Wir nehmen am Pilotprojekt des Gesundheitsministeriums und der Gesundheit Österreich GmbH „<a href="https://www.gesundheit.gv.at/news/aktuelles/aktuell-2022/projekt_klimafreundliche_gesundheitseinrichtung.html">Beratung klimafreundliche Gesundheitseinrichtungen</a>“ teil.<br />
Mit dem Pilotprojekt soll die Basis für eine ganzheitliche Integration von Klimaschutz in die Gesundheitseinrichtung bis hin zur Klimaneutralität gelegt werden.</p>
<p>Für Menschen mit besonderen Bedürfnissen wurde unsere Ordination barrierefrei eingerichtet.<br />
Detaillierte Information finden Sie unter <a href="http://www.arztbarrierefrei.at/">http://www.arztbarrierefrei.at</a></p>
<p><img loading="lazy" decoding="async" class="alignright wp-image-555 size-large" src="https://www.drwilscher.at/p/wp-content/uploads/2022/01/WEB_DSC6144-Dr.Wilscher-Ordination-©-Mathias-Praegant-1024x683.jpg" alt="" width="530" height="354" srcset="https://www.drwilscher.at/p/wp-content/uploads/2022/01/WEB_DSC6144-Dr.Wilscher-Ordination-©-Mathias-Praegant-1024x683.jpg 1024w, https://www.drwilscher.at/p/wp-content/uploads/2022/01/WEB_DSC6144-Dr.Wilscher-Ordination-©-Mathias-Praegant-300x200.jpg 300w, https://www.drwilscher.at/p/wp-content/uploads/2022/01/WEB_DSC6144-Dr.Wilscher-Ordination-©-Mathias-Praegant-768x512.jpg 768w, https://www.drwilscher.at/p/wp-content/uploads/2022/01/WEB_DSC6144-Dr.Wilscher-Ordination-©-Mathias-Praegant-1536x1024.jpg 1536w, https://www.drwilscher.at/p/wp-content/uploads/2022/01/WEB_DSC6144-Dr.Wilscher-Ordination-©-Mathias-Praegant-2048x1366.jpg 2048w" sizes="auto, (max-width: 530px) 100vw, 530px" /> <img loading="lazy" decoding="async" class="alignright wp-image-534 size-large" src="https://www.drwilscher.at/p/wp-content/uploads/2022/01/WEB_DSC6044-Dr.Wilscher-Ordination-©-Mathias-Praegant-1024x683.jpg" alt="" width="530" height="354" srcset="https://www.drwilscher.at/p/wp-content/uploads/2022/01/WEB_DSC6044-Dr.Wilscher-Ordination-©-Mathias-Praegant-1024x683.jpg 1024w, https://www.drwilscher.at/p/wp-content/uploads/2022/01/WEB_DSC6044-Dr.Wilscher-Ordination-©-Mathias-Praegant-300x200.jpg 300w, https://www.drwilscher.at/p/wp-content/uploads/2022/01/WEB_DSC6044-Dr.Wilscher-Ordination-©-Mathias-Praegant-768x512.jpg 768w, https://www.drwilscher.at/p/wp-content/uploads/2022/01/WEB_DSC6044-Dr.Wilscher-Ordination-©-Mathias-Praegant-1536x1024.jpg 1536w, https://www.drwilscher.at/p/wp-content/uploads/2022/01/WEB_DSC6044-Dr.Wilscher-Ordination-©-Mathias-Praegant-2048x1366.jpg 2048w" sizes="auto, (max-width: 530px) 100vw, 530px" /> <img loading="lazy" decoding="async" class="alignright wp-image-548 size-large" src="https://www.drwilscher.at/p/wp-content/uploads/2022/01/WEB_DSC6115-Dr.Wilscher-Ordination-©-Mathias-Praegant-1024x683.jpg" alt="" width="530" height="354" srcset="https://www.drwilscher.at/p/wp-content/uploads/2022/01/WEB_DSC6115-Dr.Wilscher-Ordination-©-Mathias-Praegant-1024x683.jpg 1024w, https://www.drwilscher.at/p/wp-content/uploads/2022/01/WEB_DSC6115-Dr.Wilscher-Ordination-©-Mathias-Praegant-300x200.jpg 300w, https://www.drwilscher.at/p/wp-content/uploads/2022/01/WEB_DSC6115-Dr.Wilscher-Ordination-©-Mathias-Praegant-768x512.jpg 768w, https://www.drwilscher.at/p/wp-content/uploads/2022/01/WEB_DSC6115-Dr.Wilscher-Ordination-©-Mathias-Praegant-1536x1024.jpg 1536w, https://www.drwilscher.at/p/wp-content/uploads/2022/01/WEB_DSC6115-Dr.Wilscher-Ordination-©-Mathias-Praegant-2048x1366.jpg 2048w" sizes="auto, (max-width: 530px) 100vw, 530px" /> <img loading="lazy" decoding="async" class="alignright wp-image-521 size-large" src="https://www.drwilscher.at/p/wp-content/uploads/2022/01/WEB_DSC5865-Dr.Wilscher-Ordination-©-Mathias-Praegant-1024x683.jpg" alt="" width="530" height="354" srcset="https://www.drwilscher.at/p/wp-content/uploads/2022/01/WEB_DSC5865-Dr.Wilscher-Ordination-©-Mathias-Praegant-1024x683.jpg 1024w, https://www.drwilscher.at/p/wp-content/uploads/2022/01/WEB_DSC5865-Dr.Wilscher-Ordination-©-Mathias-Praegant-300x200.jpg 300w, https://www.drwilscher.at/p/wp-content/uploads/2022/01/WEB_DSC5865-Dr.Wilscher-Ordination-©-Mathias-Praegant-768x512.jpg 768w, https://www.drwilscher.at/p/wp-content/uploads/2022/01/WEB_DSC5865-Dr.Wilscher-Ordination-©-Mathias-Praegant-1536x1024.jpg 1536w, https://www.drwilscher.at/p/wp-content/uploads/2022/01/WEB_DSC5865-Dr.Wilscher-Ordination-©-Mathias-Praegant-2048x1366.jpg 2048w" sizes="auto, (max-width: 530px) 100vw, 530px" /></p>
<p><img loading="lazy" decoding="async" class="alignright wp-image-515 size-large" src="https://www.drwilscher.at/p/wp-content/uploads/2022/01/WEB_DSC5813-Dr.Wilscher-Ordination-©-Mathias-Praegant-1024x677.jpg" alt="" width="530" height="350" srcset="https://www.drwilscher.at/p/wp-content/uploads/2022/01/WEB_DSC5813-Dr.Wilscher-Ordination-©-Mathias-Praegant-1024x677.jpg 1024w, https://www.drwilscher.at/p/wp-content/uploads/2022/01/WEB_DSC5813-Dr.Wilscher-Ordination-©-Mathias-Praegant-300x198.jpg 300w, https://www.drwilscher.at/p/wp-content/uploads/2022/01/WEB_DSC5813-Dr.Wilscher-Ordination-©-Mathias-Praegant-768x508.jpg 768w, https://www.drwilscher.at/p/wp-content/uploads/2022/01/WEB_DSC5813-Dr.Wilscher-Ordination-©-Mathias-Praegant-1536x1016.jpg 1536w, https://www.drwilscher.at/p/wp-content/uploads/2022/01/WEB_DSC5813-Dr.Wilscher-Ordination-©-Mathias-Praegant-2048x1355.jpg 2048w" sizes="auto, (max-width: 530px) 100vw, 530px" /></p>

<p>Wir nehmen am Pilotprojekt des Gesundheitsministeriums und der Gesundheit Österreich GmbH „Beratung klimafreundliche Gesundheitseinrichtungen“ teil. Mit dem Pilotprojekt soll die Basis für eine ganzheitliche Integration von Klimaschutz in die Gesundheitseinrichtung bis hin zur Klimaneutralität gelegt werden. Für Menschen mit besonderen Bedürfnissen wurde unsere Ordination barrierefrei eingerichtet. Detaillierte Information finden Sie unter http://www.arztbarrierefrei.at  </p>
